ivided by 8?
5
What is the remainder when 343708 is divided by 31245?
13
What is the remainder when 16730 is divided by 4180?
10
What is the remainder when 104809 is divided by 17457?
67
What is the remainder when 87654 is divided by 3504?
54
Calculate the remainder when 62291 is divided by 28.
19
Calculate the remainder when 1973 is divided by 25.
23
Calculate the remainder when 1373 is divided by 672.
29
Calculate the remainder when 57250 is divided by 139.
121
Calculate the remainder when 26872 is divided by 5.
2
What is the remainder when 645349 is divided by 1659?
1657
Calculate the remainder when 322426 is divided by 93.
88
What is the remainder when 1739 is divided by 43?
19
Calculate the remainder when 404784 is divided by 176.
160
Calculate the remainder when 180308 is divided by 10.
8
What is the remainder when 1353 is divided by 11?
0
What is the remainder when 17302 is divided by 143?
142
Calculate the remainder when 1774 is divided by 220.
14
What is the remainder when 4019 is divided by 33?
26
What is the remainder when 1063714 is divided by 11?
3
Calculate the remainder when 11232 is divided by 2241.
27
What is the remainder when 866095 is divided by 592?
591
Calculate the remainder when 2468 is divided by 56.
4
Calculate the remainder when 17483 is divided by 516.
455
Calculate the remainder when 21199 is divided by 623.
17
Calculate the remainder when 1214 is divided by 857.
357
Calculate the remainder when 21059 is divided by 390.
389
What is the remainder when 292851 is divided by 337?
335
Calculate the remainder when 1881 is divided by 187.
11
Calculate the remainder when 1973 is divided by 274.
55
What is the remainder when 5872 is divided by 329?
279
Calculate the remainder when 3143 is divided by 310.
43
What is the remainder when 14819 is divided by 95?
94
Calculate the remainder when 22322 is divided by 1315.
1282
What is the remainder when 73659 is divided by 2375?
34
What is the remainder when 7249 is divided by 2387?
88
What is the remainder when 581 is divided by 84?
77
What is the remainder when 106621 is divided by 25?
21
Calculate the remainder when 50909 is divided by 592.
589
What is the remainder when 53932 is divided by 117?
112
What is the remainder when 82086 is divided by 83?
82
What is the remainder when 945628 is divided by 42?
40
What is the remainder when 46879 is divided by 32?
31
Calculate the remainder when 965 is divided by 30.
5
Calculate the remainder when 396 is divided by 208.
188
What is the remainder when 5329 is divided by 1401?
1126
What is the remainder when 139725 is divided by 48?
45
Calculate the remainder when 1105642 is divided by 117.
109
Calculate the remainder when 1276 is divided by 1247.
29
Calculate the remainder when 170967 is divided by 85436.
95
Calculate the remainder when 63159 is divided by 141.
132
Calculate the remainder when 3132580 is divided by 13.
9
What is the remainder when 30041 is divided by 31?
2
What is the remainder when 364517 is divided by 644?
13
What is the remainder when 48492 is divided by 9687?
57
Calculate the remainder when 9662174 is divided by 16.
14
What is the remainder when 23627 is divided by 7857?
56
What is the remainder when 8410 is divided by 4121?
168
Calculate the remainder when 2541 is divided by 294.
189
What is the remainder when 4925 is divided by 185?
115
Calculate the remainder when 43532 is divided by 4835.
17
Calculate the remainder when 490482 is divided by 70063.
41
Calculate the remainder when 16143995 is divided by 123.
122
What is the remainder when 2340 is divided by 2264?
76
Calculate the remainder when 123802 is divided by 684.
682
Calculate the remainder when 19861 is divided by 1168.
5
Calculate the remainder when 103535 is divided by 34501.
32
What is the remainder when 5482 is divided by 2728?
26
Calculate the remainder when 27443 is divided by 18.
11
What is the remainder when 398050 is divided by 99498?
58
Calculate the remainder when 9777 is divided by 42.
33
Calculate the remainder when 1794 is divided by 300.
294
Calculate the remainder when 396357 is divided by 20.
17
Calculate the remainder when 37211 is divided by 5313.
20
What is the remainder when 82155 is divided by 63?
3
Calculate the remainder when 1596 is divided by 63.
21
Calculate the remainder when 527 is divided by 125.
27
Calculate the remainder when 806 is divided by 71.
25
What is the remainder when 18391 is divided by 18321?
70
Calculate the remainder when 19479 is divided by 140.
19
What is the remainder when 634 is divided by 71?
66
Calculate the remainder when 129005 is divided by 28.
9
What is the remainder when 35013 is divided by 19?
15
Calculate the remainder when 45840 is divided by 37.
34
Calculate the remainder when 949273 is divided by 33.
28
What is the remainder when 876 is divided by 847?
29
Calculate the remainder when 100034 is divided by 112.
18
What is the remainder when 12805 is divided by 109?
52
Calculate the remainder when 5425 is divided by 319.
2
Calculate the remainder when 1858 is divided by 517.
307
What is the remainder when 9309 is divided by 166?
13
Calculate the remainder when 53049 is divided by 10.
9
What is the remainder when 4195 is divided by 15?
10
Calculate the remainder when 2049 is divided by 85.
9
Calculate the remainder when 103638 is divided by 7402.
10
Calculate the remainder when 1947 is divided by 96.
27
What is the remainder when 27474 is divided by 43?
40
Calculate the remainder when 91172 is divided by 1232.
4
What is the remainder when 3830 is divided by 1014?
788
Calculate the remainder when 1328 is divided by 353.
269
What is the remainder when 437775 is divided by 109440?
15
What is the remainder when 68166 is divided by 214?
114
What is the remainder when 63643 is divided by 35?
13
Calculate the remainder when 535096 is divided by 2066.
2
What is the remainder when 1455569 is divided by 2430?
2429
Calculate the remainder when 5844598 is divided by 180.
178
What is the remainder when 824 is divided by 802?
22
Calculate the remainder when 453 is divided by 373.
80
What is the remainder when 94152 is divided by 11768?
8
What is the remainder when 72229 is divided by 24070?
19
Calculate the remainder when 827 is divided by 790.
37
Calculate the remainder when 39110 is divided by 686.
8
What is the remainder when 24405 is divided by 113?
110
What is the remainder when 7703 is divided by 1529?
58
Calculate the remainder when 2227 is divided by 78.
43
What is the remainder when 146059 is divided by 128?
11
Calculate the remainder when 16049 is divided by 2003.
25
What is the remainder when 22015 is divided by 4?
3
Calculate the remainder when 10200 is divided by 610.
440
Calculate the remainder when 4507 is divided by 27.
25
What is the remainder when 46901 is divided by 298?
115
Calculate the remainder when 344209 is divided by 57368.
1
What is the remainder when 168477 is divided by 160?
157
What is the remainder when 7953 is divided by 39?
36
What is the remainder when 71814 is divided by 110?
94
Calculate the remainder when 426 is divided by 24.
18
What is the remainder when 13933 is divided by 633?
7
Calculate the remainder when 448 is divided by 62.
14
Calculate the remainder when 1010 is divided by 312.
74
What is the remainder when 5733 is divided by 627?
90
What is the remainder when 12032 is divided by 213?
104
Calculate the remainder when 335509 is divided by 17.
14
What is the remainder when 60797 is divided by 515?
27
What is the remainder when 265269 is divided by 28?
25
Calculate the remainder when 25039 is divided by 31.
22
What is the remainder when 93007 is divided by 959?
943
What is the remainder when 7526 is divided by 1873?
34
Calculate the remainder when 1900 is divided by 91.
80
Calculate the remainder when 164336 is divided by 119.
116
What is the remainder when 2151 is divided by 1825?
326
Calculate the remainder when 321162 is divided by 679.
674
What is the remainder when 130068 is divided by 21678?
0
What is the remainder when 3131 is divided by 4?
3
Calculate the remainder when 1469172 is divided by 75.
72
What is the remainder when 16027 is divided by 96?
91
Calculate the remainder when 9342 is divided by 931.
32
Calculate the remainder when 6868 is divided by 425.
